{"id":8,"date":"2021-06-29T10:07:50","date_gmt":"2021-06-29T08:07:50","guid":{"rendered":"http:\/\/mobil-protect.io\/?page_id=8"},"modified":"2021-07-05T11:14:47","modified_gmt":"2021-07-05T09:14:47","slug":"accueil","status":"publish","type":"page","link":"https:\/\/mobil-protect.io\/","title":{"rendered":"Accueil"},"content":{"rendered":"\t\t<div data-elementor-type=\"wp-page\" data-elementor-id=\"8\" class=\"elementor elementor-8\" data-elementor-settings=\"[]\">\n\t\t\t\t\t\t\t<div class=\"elementor-section-wrap\">\n\t\t\t\t\t\t\t<section class=\"elementor-section elementor-top-section elementor-element elementor-element-92d19b6 elementor-section-full_width elementor-section-height-min-height elementor-section-height-default elementor-section-items-middle\" data-id=\"92d19b6\" data-element_type=\"section\">\n\t\t\t\t\t\t\t<div class=\"elementor-background-overlay\"><\/div>\n\t\t\t\t\t\t\t<div class=\"elementor-container elementor-column-gap-wider\">\n\t\t\t\t\t<div class=\"elementor-column elementor-col-50 elementor-top-column elementor-element elementor-element-ddf4452\" data-id=\"ddf4452\" data-element_type=\"column\">\n\t\t\t<div class=\"elementor-widget-wrap elementor-element-populated\">\n\t\t\t\t\t\t\t\t<div class=\"elementor-element elementor-element-77ac7c0 elementor-widget elementor-widget-text-editor\" data-id=\"77ac7c0\" data-element_type=\"widget\" data-widget_type=\"text-editor.default\">\n\t\t\t\t<div class=\"elementor-widget-container\">\n\t\t\t\t\t\t\t\tMobil- <br> <b><span style=\"color:#FF0800\">Protect<\/span><\/b>\n\t\t\t\t\t\t<\/div>\n\t\t\t\t<\/div>\n\t\t\t\t<div class=\"elementor-element elementor-element-6f94fb0 elementor-invisible elementor-widget elementor-widget-text-editor\" data-id=\"6f94fb0\" data-element_type=\"widget\" data-settings=\"{&quot;_animation&quot;:&quot;fadeInLeft&quot;}\" data-widget_type=\"text-editor.default\">\n\t\t\t\t<div class=\"elementor-widget-container\">\n\t\t\t\t\t\t\t\t<div class=\"\">Bornes automatis\u00e9es destin\u00e9es \u00e0 g\u00e9rer la s\u00e9curit\u00e9 de vos sites en travaux ou inoccup\u00e9s.\u00a0<\/div>\t\t\t\t\t\t<\/div>\n\t\t\t\t<\/div>\n\t\t\t\t<div class=\"elementor-element elementor-element-853af19 elementor-align-left elementor-widget elementor-widget-button\" data-id=\"853af19\" data-element_type=\"widget\" data-widget_type=\"button.default\">\n\t\t\t\t<div class=\"elementor-widget-container\">\n\t\t\t\t\t<div class=\"elementor-button-wrapper\">\n\t\t\t<a href=\"https:\/\/mobil-protect.fr\" class=\"elementor-button-link elementor-button elementor-size-sm\" role=\"button\">\n\t\t\t\t\t\t<span class=\"elementor-button-content-wrapper\">\n\t\t\t\t\t\t<span class=\"elementor-button-text\">En savoir plus <\/span>\n\t\t<\/span>\n\t\t\t\t\t<\/a>\n\t\t<\/div>\n\t\t\t\t<\/div>\n\t\t\t\t<\/div>\n\t\t\t\t\t<\/div>\n\t\t<\/div>\n\t\t\t\t<div class=\"elementor-column elementor-col-50 elementor-top-column elementor-element elementor-element-b5942bd\" data-id=\"b5942bd\" data-element_type=\"column\">\n\t\t\t<div class=\"elementor-widget-wrap elementor-element-populated\">\n\t\t\t\t\t\t\t\t<div class=\"elementor-element elementor-element-8b83d63 elementor-widget elementor-widget-image\" data-id=\"8b83d63\" data-element_type=\"widget\" data-widget_type=\"image.default\">\n\t\t\t\t<div class=\"elementor-widget-container\">\n\t\t\t\t\t\t\t\t\t\t\t\t\t\t\t<img width=\"640\" height=\"837\" src=\"https:\/\/mobil-protect.io\/wp-content\/uploads\/2021\/06\/Borne-MobilProtect-783x1024-1.jpg\" class=\"attachment-large size-large\" alt=\"\" loading=\"lazy\" srcset=\"https:\/\/mobil-protect.io\/wp-content\/uploads\/2021\/06\/Borne-MobilProtect-783x1024-1.jpg 783w, https:\/\/mobil-protect.io\/wp-content\/uploads\/2021\/06\/Borne-MobilProtect-783x1024-1-229x300.jpg 229w, https:\/\/mobil-protect.io\/wp-content\/uploads\/2021\/06\/Borne-MobilProtect-783x1024-1-768x1004.jpg 768w\" sizes=\"(max-width: 34.9rem) calc(100vw - 2rem), (max-width: 53rem) calc(8 * (100vw \/ 12)), (min-width: 53rem) calc(6 * (100vw \/ 12)), 100vw\" \/>\t\t\t\t\t\t\t\t\t\t\t\t\t\t\t<\/div>\n\t\t\t\t<\/div>\n\t\t\t\t\t<\/div>\n\t\t<\/div>\n\t\t\t\t\t\t\t<\/div>\n\t\t<\/section>\n\t\t\t\t\t\t<\/div>\n\t\t\t\t\t<\/div>\n\t\t","protected":false},"excerpt":{"rendered":"<p>Mobil- Protect Bornes automatis\u00e9es destin\u00e9es \u00e0 g\u00e9rer la s\u00e9curit\u00e9 de vos sites en travaux ou inoccup\u00e9s. En savoir plus<\/p>\n","protected":false},"author":1,"featured_media":0,"parent":0,"menu_order":0,"comment_status":"closed","ping_status":"closed","template":"elementor_header_footer","meta":[],"yoast_head":"<!-- This site is optimized with the Yoast SEO plugin v16.5 - https:\/\/yoast.com\/wordpress\/plugins\/seo\/ -->\n<title>Accueil -<\/title>\n<meta name=\"robots\" content=\"noindex, nofollow\" \/>\n<meta property=\"og:locale\" content=\"fr_FR\" \/>\n<meta property=\"og:type\" content=\"article\" \/>\n<meta property=\"og:title\" content=\"Accueil -\" \/>\n<meta property=\"og:description\" content=\"Mobil- Protect Bornes automatis\u00e9es destin\u00e9es \u00e0 g\u00e9rer la s\u00e9curit\u00e9 de vos sites en travaux ou inoccup\u00e9s. En savoir plus\" \/>\n<meta property=\"og:url\" content=\"https:\/\/mobil-protect.io\/\" \/>\n<meta property=\"article:modified_time\" content=\"2021-07-05T09:14:47+00:00\" \/>\n<meta property=\"og:image\" content=\"http:\/\/mobil-protect.io\/wp-content\/uploads\/2021\/06\/Borne-MobilProtect-783x1024-1.jpg\" \/>\n<meta name=\"twitter:card\" content=\"summary_large_image\" \/>\n<meta name=\"twitter:label1\" content=\"Dur\u00e9e de lecture est.\" \/>\n\t<meta name=\"twitter:data1\" content=\"1 minute\" \/>\n<script type=\"application\/ld+json\" class=\"yoast-schema-graph\">{\"@context\":\"https:\/\/schema.org\",\"@graph\":[{\"@type\":\"WebSite\",\"@id\":\"https:\/\/mobil-protect.io\/#website\",\"url\":\"https:\/\/mobil-protect.io\/\",\"name\":\"\",\"description\":\"\",\"potentialAction\":[{\"@type\":\"SearchAction\",\"target\":\"https:\/\/mobil-protect.io\/?s={search_term_string}\",\"query-input\":\"required name=search_term_string\"}],\"inLanguage\":\"fr-FR\"},{\"@type\":\"ImageObject\",\"@id\":\"https:\/\/mobil-protect.io\/#primaryimage\",\"inLanguage\":\"fr-FR\",\"url\":\"http:\/\/mobil-protect.io\/wp-content\/uploads\/2021\/06\/Borne-MobilProtect-783x1024-1.jpg\",\"contentUrl\":\"http:\/\/mobil-protect.io\/wp-content\/uploads\/2021\/06\/Borne-MobilProtect-783x1024-1.jpg\"},{\"@type\":\"WebPage\",\"@id\":\"https:\/\/mobil-protect.io\/#webpage\",\"url\":\"https:\/\/mobil-protect.io\/\",\"name\":\"Accueil -\",\"isPartOf\":{\"@id\":\"https:\/\/mobil-protect.io\/#website\"},\"primaryImageOfPage\":{\"@id\":\"https:\/\/mobil-protect.io\/#primaryimage\"},\"datePublished\":\"2021-06-29T08:07:50+00:00\",\"dateModified\":\"2021-07-05T09:14:47+00:00\",\"breadcrumb\":{\"@id\":\"https:\/\/mobil-protect.io\/#breadcrumb\"},\"inLanguage\":\"fr-FR\",\"potentialAction\":[{\"@type\":\"ReadAction\",\"target\":[\"https:\/\/mobil-protect.io\/\"]}]},{\"@type\":\"BreadcrumbList\",\"@id\":\"https:\/\/mobil-protect.io\/#breadcrumb\",\"itemListElement\":[{\"@type\":\"ListItem\",\"position\":1,\"name\":\"Accueil\"}]}]}<\/script>\n<!-- \/ Yoast SEO plugin. -->","_links":{"self":[{"href":"https:\/\/mobil-protect.io\/index.php\/wp-json\/wp\/v2\/pages\/8"}],"collection":[{"href":"https:\/\/mobil-protect.io\/index.php\/wp-json\/wp\/v2\/pages"}],"about":[{"href":"https:\/\/mobil-protect.io\/index.php\/wp-json\/wp\/v2\/types\/page"}],"author":[{"embeddable":true,"href":"https:\/\/mobil-protect.io\/index.php\/wp-json\/wp\/v2\/users\/1"}],"replies":[{"embeddable":true,"href":"https:\/\/mobil-protect.io\/index.php\/wp-json\/wp\/v2\/comments?post=8"}],"version-history":[{"count":27,"href":"https:\/\/mobil-protect.io\/index.php\/wp-json\/wp\/v2\/pages\/8\/revisions"}],"predecessor-version":[{"id":80,"href":"https:\/\/mobil-protect.io\/index.php\/wp-json\/wp\/v2\/pages\/8\/revisions\/80"}],"wp:attachment":[{"href":"https:\/\/mobil-protect.io\/index.php\/wp-json\/wp\/v2\/media?parent=8"}],"curies":[{"name":"wp","href":"https:\/\/api.w.org\/{rel}","templated":true}]}}